{"id":43,"date":"2020-04-04T02:33:13","date_gmt":"2020-04-04T02:33:13","guid":{"rendered":"http:\/\/www.dataopm.net\/web\/?page_id=43"},"modified":"2024-04-05T20:16:40","modified_gmt":"2024-04-05T20:16:40","slug":"equipo","status":"publish","type":"page","link":"http:\/\/www.dataopm.net\/web\/equipo\/","title":{"rendered":"Equipo"},"content":{"rendered":"\t\t<div data-elementor-type=\"wp-page\" data-elementor-id=\"43\" class=\"elementor elementor-43\">\n\t\t\t\t\t\t<section class=\"elementor-section elementor-top-section elementor-element elementor-element-533547f0 elementor-section-content-middle elementor-section-boxed elementor-section-height-default elementor-section-height-default\" data-id=\"533547f0\" data-element_type=\"section\" data-settings=\"{&quot;background_background&quot;:&quot;classic&quot;}\">\n\t\t\t\t\t\t\t<div class=\"elementor-background-overlay\"><\/div>\n\t\t\t\t\t\t\t<div class=\"elementor-container elementor-column-gap-no\">\n\t\t\t\t\t<div class=\"elementor-column elementor-col-100 elementor-top-column elementor-element elementor-element-29b094c1\" data-id=\"29b094c1\" data-element_type=\"column\">\n\t\t\t<div class=\"elementor-widget-wrap elementor-element-populated\">\n\t\t\t\t\t\t<div class=\"elementor-element elementor-element-4ed7bb7 elementor-widget elementor-widget-heading\" data-id=\"4ed7bb7\" data-element_type=\"widget\" data-widget_type=\"heading.default\">\n\t\t\t\t<div class=\"elementor-widget-container\">\n\t\t\t<style>\/*! elementor - v3.23.0 - 05-08-2024 *\/\n.elementor-heading-title{padding:0;margin:0;line-height:1}.elementor-widget-heading .elementor-heading-title[class*=elementor-size-]>a{color:inherit;font-size:inherit;line-height:inherit}.elementor-widget-heading .elementor-heading-title.elementor-size-small{font-size:15px}.elementor-widget-heading .elementor-heading-title.elementor-size-medium{font-size:19px}.elementor-widget-heading .elementor-heading-title.elementor-size-large{font-size:29px}.elementor-widget-heading .elementor-heading-title.elementor-size-xl{font-size:39px}.elementor-widget-heading .elementor-heading-title.elementor-size-xxl{font-size:59px}<\/style><h4 class=\"elementor-heading-title elementor-size-default\">Nuestro equipo<\/h4>\t\t<\/div>\n\t\t\t\t<\/div>\n\t\t\t\t<div class=\"elementor-element elementor-element-ec9d518 elementor-widget elementor-widget-text-editor\" data-id=\"ec9d518\" data-element_type=\"widget\" data-widget_type=\"text-editor.default\">\n\t\t\t\t<div class=\"elementor-widget-container\">\n\t\t\t<style>\/*! elementor - v3.23.0 - 05-08-2024 *\/\n.elementor-widget-text-editor.elementor-drop-cap-view-stacked .elementor-drop-cap{background-color:#69727d;color:#fff}.elementor-widget-text-editor.elementor-drop-cap-view-framed .elementor-drop-cap{color:#69727d;border:3px solid;background-color:transparent}.elementor-widget-text-editor:not(.elementor-drop-cap-view-default) .elementor-drop-cap{margin-top:8px}.elementor-widget-text-editor:not(.elementor-drop-cap-view-default) .elementor-drop-cap-letter{width:1em;height:1em}.elementor-widget-text-editor .elementor-drop-cap{float:left;text-align:center;line-height:1;font-size:50px}.elementor-widget-text-editor .elementor-drop-cap-letter{display:inline-block}<\/style>\t\t\t\t<p>Contamos con colaboradores profesionales y de amplia experiencia en el \u00e1rea<\/p>\t\t\t\t\t\t<\/div>\n\t\t\t\t<\/div>\n\t\t\t\t<section class=\"elementor-section elementor-inner-section elementor-element elementor-element-d80588e elementor-section-boxed elementor-section-height-default elementor-section-height-default\" data-id=\"d80588e\" data-element_type=\"section\">\n\t\t\t\t\t\t<div class=\"elementor-container elementor-column-gap-default\">\n\t\t\t\t\t<div class=\"elementor-column elementor-col-50 elementor-inner-column elementor-element elementor-element-305a4078\" data-id=\"305a4078\" data-element_type=\"column\" data-settings=\"{&quot;background_background&quot;:&quot;classic&quot;}\">\n\t\t\t<div class=\"elementor-widget-wrap elementor-element-populated\">\n\t\t\t\t\t<div class=\"elementor-background-overlay\"><\/div>\n\t\t\t\t\t\t<div class=\"elementor-element elementor-element-69e00194 elementor-position-left elementor-vertical-align-middle elementor-widget elementor-widget-image-box\" data-id=\"69e00194\" data-element_type=\"widget\" data-widget_type=\"image-box.default\">\n\t\t\t\t<div class=\"elementor-widget-container\">\n\t\t\t<style>\/*! elementor - v3.23.0 - 05-08-2024 *\/\n.elementor-widget-image-box .elementor-image-box-content{width:100%}@media (min-width:768px){.elementor-widget-image-box.elementor-position-left .elementor-image-box-wrapper,.elementor-widget-image-box.elementor-position-right .elementor-image-box-wrapper{display:flex}.elementor-widget-image-box.elementor-position-right .elementor-image-box-wrapper{text-align:end;flex-direction:row-reverse}.elementor-widget-image-box.elementor-position-left .elementor-image-box-wrapper{text-align:start;flex-direction:row}.elementor-widget-image-box.elementor-position-top .elementor-image-box-img{margin:auto}.elementor-widget-image-box.elementor-vertical-align-top .elementor-image-box-wrapper{align-items:flex-start}.elementor-widget-image-box.elementor-vertical-align-middle .elementor-image-box-wrapper{align-items:center}.elementor-widget-image-box.elementor-vertical-align-bottom .elementor-image-box-wrapper{align-items:flex-end}}@media (max-width:767px){.elementor-widget-image-box .elementor-image-box-img{margin-left:auto!important;margin-right:auto!important;margin-bottom:15px}}.elementor-widget-image-box .elementor-image-box-img{display:inline-block}.elementor-widget-image-box .elementor-image-box-title a{color:inherit}.elementor-widget-image-box .elementor-image-box-wrapper{text-align:center}.elementor-widget-image-box .elementor-image-box-description{margin:0}<\/style><div class=\"elementor-image-box-wrapper\"><figure class=\"elementor-image-box-img\"><img fetchpriority=\"high\" decoding=\"async\" width=\"362\" height=\"362\" src=\"http:\/\/www.dataopm.net\/web\/wp-content\/uploads\/2020\/04\/ppg.png\" class=\"attachment-full size-full wp-image-115\" alt=\"\" srcset=\"http:\/\/www.dataopm.net\/web\/wp-content\/uploads\/2020\/04\/ppg.png 362w, http:\/\/www.dataopm.net\/web\/wp-content\/uploads\/2020\/04\/ppg-300x300.png 300w, http:\/\/www.dataopm.net\/web\/wp-content\/uploads\/2020\/04\/ppg-150x150.png 150w\" sizes=\"(max-width: 362px) 100vw, 362px\" \/><\/figure><div class=\"elementor-image-box-content\"><h3 class=\"elementor-image-box-title\">Pablo Par\u00e1s<\/h3><p class=\"elementor-image-box-description\"><b>SOCIO FUNDADOR<\/b> <\/p><\/div><\/div>\t\t<\/div>\n\t\t\t\t<\/div>\n\t\t\t\t<div class=\"elementor-element elementor-element-1b216b97 elementor-widget elementor-widget-text-editor\" data-id=\"1b216b97\" data-element_type=\"widget\" data-widget_type=\"text-editor.default\">\n\t\t\t\t<div class=\"elementor-widget-container\">\n\t\t\t\t\t\t\t<p>Doctor en Ciencia Pol\u00edtica por la Universidad de Connecticut y Maestro en Estudios Latinoamericanos por la Universidad de Georgetown. Fue fellow en el Centro para Estudios sobre M\u00e9xico y Estados Unidos de la Universidad de San Diego en California y actualmente est\u00e1 afiliado al Centro de Estudios Latinoamericanos de la Universidad de Georgetown.<\/p><p>Es socio fundador de la empresa encuestadora Data Opini\u00f3n P\u00fablica y Mercados (www.dataopm.net) y fungi\u00f3 como Asesor Pol\u00edtico en Jefe en la Embajada de M\u00e9xico en Estados Unidos durante 2016. Entre 1997 y 2003 se desempe\u00f1o como director del Centro de Estudios de Opini\u00f3n P\u00fablica.<\/p><p>Es investigador asociado para M\u00e9xico del Bar\u00f3metro de las Am\u00e9ricas del Proyecto Latinoamericano de Opini\u00f3n P\u00fablica (LAPOP por sus siglas en ingl\u00e9s), representante de la fundaci\u00f3n Este Pa\u00eds ante el consejo t\u00e9cnico del Instituto Ciudadano de Seguridad P\u00fablica (ICESI), y representante en M\u00e9xico de la Asociaci\u00f3n Mundial de Investigadores de Opini\u00f3n P\u00fablica (WAPOR 2006 a 2016) y fundador del Banco de Encuestas de Latinoam\u00e9rica (BELA).<\/p><p>Es presidente del patronato de la Comunidad Agropecuaria Industrial Kibbutz A.C. y expresidente de Fundaci\u00f3n Merced Quer\u00e9taro A.C. y del Instituto de Educaci\u00f3n Integral I.A.P.<\/p><p>Es autor de varios cap\u00edtulos en vol\u00famenes compilados y art\u00edculos para revistas acad\u00e9micas sobre temas de opini\u00f3n p\u00fablica, capital social, seguridad p\u00fablica, corrupci\u00f3n, filantrop\u00eda y cultura pol\u00edtica.<\/p>\t\t\t\t\t\t<\/div>\n\t\t\t\t<\/div>\n\t\t\t\t\t<\/div>\n\t\t<\/div>\n\t\t\t\t<div class=\"elementor-column elementor-col-50 elementor-inner-column elementor-element elementor-element-64f1a4b8\" data-id=\"64f1a4b8\" data-element_type=\"column\">\n\t\t\t<div class=\"elementor-widget-wrap elementor-element-populated\">\n\t\t\t\t\t\t<div class=\"elementor-element elementor-element-469e7f9 elementor-vertical-align-middle elementor-widget elementor-widget-image-box\" data-id=\"469e7f9\" data-element_type=\"widget\" data-widget_type=\"image-box.default\">\n\t\t\t\t<div class=\"elementor-widget-container\">\n\t\t\t<div class=\"elementor-image-box-wrapper\"><div class=\"elementor-image-box-content\"><h3 class=\"elementor-image-box-title\"><span style=\"font-family: var( --e-global-typography-primary-font-family ), Sans-serif; font-size: 35px; font-style: normal; font-weight: 900;\">Miguel Contreras<\/span><\/h3><p class=\"elementor-image-box-description\"><span style=\"font-size: 15px; font-style: normal; font-weight: 300;\">COORDINADOR DE CAMPO<\/span><span style=\"font-size: 15px; font-style: normal; font-weight: 300;\"><\/span><\/p><\/div><\/div>\t\t<\/div>\n\t\t\t\t<\/div>\n\t\t\t\t<div class=\"elementor-element elementor-element-34df2a9 elementor-widget elementor-widget-text-editor\" data-id=\"34df2a9\" data-element_type=\"widget\" data-widget_type=\"text-editor.default\">\n\t\t\t\t<div class=\"elementor-widget-container\">\n\t\t\t\t\t\t\t<p>.<span style=\"color: #000000; font-size: 15px; font-style: normal; font-weight: 400; font-family: var( --e-global-typography-text-font-family ), Sans-serif;\">Soci\u00f3logo egresado de la Facultad de Ciencias Pol\u00edticas y Sociales de la UNAM, funge como asistente de investigaci\u00f3n y coordinador del equipo de campo desde hace m\u00e1s de 5 a\u00f1os, tiene experiencia en la gesti\u00f3n de varias etapas del proceso de investigaci\u00f3n, pasando por la capacitaci\u00f3n de entrevistadores, recolecci\u00f3n y procesamiento de datos, an\u00e1lisis estad\u00edstico, control de calidad y redacci\u00f3n de informes en diversos proyectos de corte acad\u00e9mico y de mercado.<\/span><\/p><p style=\"font-size: 15px; font-style: normal; font-weight: 400; color: #000000;\">Adem\u00e1s de su gran experiencia en investigaci\u00f3n cuantitativa,\u00a0Miguel ha administrado e informado sobre una variedad de proyectos cualitativos, que cubren t\u00e9cnicas como entrevistas en profundidad y grupos focales.<\/p><p style=\"font-size: 15px; font-style: normal; font-weight: 400; color: #000000;\">Antes de unirse a DATA OPM participo en distintos proyectos con asociaciones civiles de opini\u00f3n y participaci\u00f3n social en la recolecci\u00f3n de informaci\u00f3n, as\u00ed como el manejo de grupos; en la Secretaria del Trabajo y Previsi\u00f3n social, colaboro en la Direcci\u00f3n de Igualdad Laboral para Jornaleros, Ind\u00edgenas, J\u00f3venes y Personas Privadas de su Libertad en el manejo de bases de datos y redacci\u00f3n de informes.<\/p>\t\t\t\t\t\t<\/div>\n\t\t\t\t<\/div>\n\t\t\t\t\t<\/div>\n\t\t<\/div>\n\t\t\t\t\t<\/div>\n\t\t<\/section>\n\t\t\t\t<section class=\"elementor-section elementor-inner-section elementor-element elementor-element-763eaf7b elementor-section-boxed elementor-section-height-default elementor-section-height-default\" data-id=\"763eaf7b\" data-element_type=\"section\">\n\t\t\t\t\t\t<div class=\"elementor-container elementor-column-gap-default\">\n\t\t\t\t\t<div class=\"elementor-column elementor-col-50 elementor-inner-column elementor-element elementor-element-deb4953\" data-id=\"deb4953\" data-element_type=\"column\">\n\t\t\t<div class=\"elementor-widget-wrap elementor-element-populated\">\n\t\t\t\t\t\t<div class=\"elementor-element elementor-element-42b2893f elementor-vertical-align-middle elementor-widget elementor-widget-image-box\" data-id=\"42b2893f\" data-element_type=\"widget\" data-widget_type=\"image-box.default\">\n\t\t\t\t<div class=\"elementor-widget-container\">\n\t\t\t<div class=\"elementor-image-box-wrapper\"><div class=\"elementor-image-box-content\"><h3 class=\"elementor-image-box-title\"><span style=\"font-family: var( --e-global-typography-primary-font-family ), Sans-serif; font-size: 35px; font-style: normal; font-weight: 900;\">Oscar Benitez<\/span><\/h3><p class=\"elementor-image-box-description\">ADMINISTRADOR<\/p><\/div><\/div>\t\t<\/div>\n\t\t\t\t<\/div>\n\t\t\t\t<div class=\"elementor-element elementor-element-5c8ae323 elementor-widget elementor-widget-text-editor\" data-id=\"5c8ae323\" data-element_type=\"widget\" data-widget_type=\"text-editor.default\">\n\t\t\t\t<div class=\"elementor-widget-container\">\n\t\t\t\t\t\t\t<p>Ingeniero en Sistemas Computacionales por la Universidad Nacional Aut\u00f3noma de M\u00e9xico (UNAM).\u00a0Tomo cursos de actualizaci\u00f3n en manejo de bases de datos en la DGCS-UNAM (SQL, MySQL, ACCES) Facultad de Econom\u00eda (UNAM)<\/p><p>Cuenta con amplia experiencia de 18 a\u00f1os, en el medio desarroll\u00e1ndose y apoyando en varias facetas como son asistente de investigaci\u00f3n,: coordinador general de proyectos, en el equipo de campo implementando la gesti\u00f3n de varias etapas en el proceso de investigaci\u00f3n, dando capacitaci\u00f3n de entrevistadores, recolecci\u00f3n y procesamiento de datos, control de calidad y redacci\u00f3n de informes en diversos proyectos, tambi\u00e9n interviniendo en la planeaci\u00f3n y log\u00edstica en las encuestas de salida o conteos r\u00e1pidos para elecciones locales municipales, estatales o para la elecci\u00f3n presidencial, estudios acad\u00e9mico, de opini\u00f3n p\u00fablica y de mercado.<\/p><p>En la faceta de Ingeniero en sistemas lleva acabo la programaci\u00f3n de cuestionarios en diferentes plataformas (Sistema CATI (Computer Assisted Telephone Interview) plataformas en ANDROID, STG Survey To Go para recolecci\u00f3n de informaci\u00f3n en campo (Tablet\u00b4s o Moviles) o para entrevistas telef\u00f3nicas, tambi\u00e9n realiza la Programaci\u00f3n de cuestionarios para captura CSPRO. ACCES, Excell y DBase.<\/p><p>De las ultimas aportaciones que tiene para la empresa tiene a cargo la de ser Administrador de la empresa donde realiza todas las gestiones necesarias (cobranza, pagos, tr\u00e1mites ante el gobierno de M\u00e9xico y Gobierno Americano SAM-EU o alguna dependencia gubernamental como proveedor) para llevar en orden la parte administrativa para el buen funcionamiento de la empresa<\/p>\t\t\t\t\t\t<\/div>\n\t\t\t\t<\/div>\n\t\t\t\t\t<\/div>\n\t\t<\/div>\n\t\t\t\t<div class=\"elementor-column elementor-col-50 elementor-inner-column elementor-element elementor-element-687152fd\" data-id=\"687152fd\" data-element_type=\"column\">\n\t\t\t<div class=\"elementor-widget-wrap elementor-element-populated\">\n\t\t\t\t\t\t<div class=\"elementor-element elementor-element-5e417310 elementor-vertical-align-middle elementor-widget elementor-widget-image-box\" data-id=\"5e417310\" data-element_type=\"widget\" data-widget_type=\"image-box.default\">\n\t\t\t\t<div class=\"elementor-widget-container\">\n\t\t\t<div class=\"elementor-image-box-wrapper\"><div class=\"elementor-image-box-content\"><h3 class=\"elementor-image-box-title\">.<\/h3><p class=\"elementor-image-box-description\">.<\/p><\/div><\/div>\t\t<\/div>\n\t\t\t\t<\/div>\n\t\t\t\t<div class=\"elementor-element elementor-element-78c7e610 elementor-widget elementor-widget-text-editor\" data-id=\"78c7e610\" data-element_type=\"widget\" data-widget_type=\"text-editor.default\">\n\t\t\t\t<div class=\"elementor-widget-container\">\n\t\t\t\t\t\t\t<p style=\"font-weight: 400;\"><span style=\"font-size: 15px; font-weight: 400; font-family: var( --e-global-typography-text-font-family ), Sans-serif;\">..<\/span><br><\/p>\t\t\t\t\t\t<\/div>\n\t\t\t\t<\/div>\n\t\t\t\t\t<\/div>\n\t\t<\/div>\n\t\t\t\t\t<\/div>\n\t\t<\/section>\n\t\t\t\t\t<\/div>\n\t\t<\/div>\n\t\t\t\t\t<\/div>\n\t\t<\/section>\n\t\t\t\t<\/div>\n\t\t","protected":false},"excerpt":{"rendered":"<p>Nuestro equipo Contamos con colaboradores profesionales y de amplia experiencia en el \u00e1rea Pablo Par\u00e1s SOCIO FUNDADOR Doctor en Ciencia Pol\u00edtica por la Universidad de Connecticut y Maestro en Estudios Latinoamericanos por la Universidad de Georgetown. Fue fellow en el Centro para Estudios sobre M\u00e9xico y Estados Unidos de la Universidad de San Diego en [&hellip;]<\/p>\n","protected":false},"author":1,"featured_media":0,"parent":0,"menu_order":2,"comment_status":"closed","ping_status":"closed","template":"","meta":{"site-sidebar-layout":"no-sidebar","site-content-layout":"page-builder","ast-site-content-layout":"","site-content-style":"default","site-sidebar-style":"default","ast-global-header-display":"","ast-banner-title-visibility":"","ast-main-header-display":"","ast-hfb-above-header-display":"","ast-hfb-below-header-display":"","ast-hfb-mobile-header-display":"","site-post-title":"disabled","ast-breadcrumbs-content":"","ast-featured-img":"disabled","footer-sml-layout":"","theme-transparent-header-meta":"default","adv-header-id-meta":"","stick-header-meta":"","header-above-stick-meta":"","header-main-stick-meta":"","header-below-stick-meta":"","astra-migrate-meta-layouts":"default","ast-page-background-enabled":"default","ast-page-background-meta":{"desktop":{"background-color":"","background-image":"","background-repeat":"repeat","background-position":"center center","background-size":"auto","background-attachment":"scroll","background-type":"","background-media":"","overlay-type":"","overlay-color":"","overlay-opacity":"","overlay-gradient":""},"tablet":{"background-color":"","background-image":"","background-repeat":"repeat","background-position":"center center","background-size":"auto","background-attachment":"scroll","background-type":"","background-media":"","overlay-type":"","overlay-color":"","overlay-opacity":"","overlay-gradient":""},"mobile":{"background-color":"","background-image":"","background-repeat":"repeat","background-position":"center center","background-size":"auto","background-attachment":"scroll","background-type":"","background-media":"","overlay-type":"","overlay-color":"","overlay-opacity":"","overlay-gradient":""}},"ast-content-background-meta":{"desktop":{"background-color":"var(--ast-global-color-5)","background-image":"","background-repeat":"repeat","background-position":"center center","background-size":"auto","background-attachment":"scroll","background-type":"","background-media":"","overlay-type":"","overlay-color":"","overlay-opacity":"","overlay-gradient":""},"tablet":{"background-color":"var(--ast-global-color-5)","background-image":"","background-repeat":"repeat","background-position":"center center","background-size":"auto","background-attachment":"scroll","background-type":"","background-media":"","overlay-type":"","overlay-color":"","overlay-opacity":"","overlay-gradient":""},"mobile":{"background-color":"var(--ast-global-color-5)","background-image":"","background-repeat":"repeat","background-position":"center center","background-size":"auto","background-attachment":"scroll","background-type":"","background-media":"","overlay-type":"","overlay-color":"","overlay-opacity":"","overlay-gradient":""}},"footnotes":""},"class_list":["post-43","page","type-page","status-publish","hentry"],"_links":{"self":[{"href":"http:\/\/www.dataopm.net\/web\/wp-json\/wp\/v2\/pages\/43"}],"collection":[{"href":"http:\/\/www.dataopm.net\/web\/wp-json\/wp\/v2\/pages"}],"about":[{"href":"http:\/\/www.dataopm.net\/web\/wp-json\/wp\/v2\/types\/page"}],"author":[{"embeddable":true,"href":"http:\/\/www.dataopm.net\/web\/wp-json\/wp\/v2\/users\/1"}],"replies":[{"embeddable":true,"href":"http:\/\/www.dataopm.net\/web\/wp-json\/wp\/v2\/comments?post=43"}],"version-history":[{"count":22,"href":"http:\/\/www.dataopm.net\/web\/wp-json\/wp\/v2\/pages\/43\/revisions"}],"predecessor-version":[{"id":223,"href":"http:\/\/www.dataopm.net\/web\/wp-json\/wp\/v2\/pages\/43\/revisions\/223"}],"wp:attachment":[{"href":"http:\/\/www.dataopm.net\/web\/wp-json\/wp\/v2\/media?parent=43"}],"curies":[{"name":"wp","href":"https:\/\/api.w.org\/{rel}","templated":true}]}}